?
False
Is 483 a factor of 381570?
True
Does 345 divide 414282?
False
Is 1208 a factor of 9057584?
True
Does 642 divide 989322?
True
Is 181 a factor of 2549170?
False
Does 6 divide 93042?
True
Is 14492668 a multiple of 26?
False
Is 19 a factor of 222414?
True
Is 15 a factor of 8461649?
False
Is 43 a factor of 945101?
False
Is 31 a factor of 933379?
True
Is 420 a factor of 9162103?
False
Is 22 a factor of 435292?
True
Does 2 divide 131471?
False
Does 26 divide 280289?
False
Is 432449 a multiple of 125?
False
Is 920840 a multiple of 46?
False
Is 252083 a multiple of 292?
False
Does 129 divide 1317477?
True
Is 8913862 a multiple of 268?
False
Is 71 a factor of 1276435?
False
Is 491593 a multiple of 18?
False
Is 76670 a multiple of 451?
True
Does 185 divide 267862?
False
Is 1288994 a multiple of 686?
True
Does 8 divide 387744?
True
Does 28 divide 23914183?
False
Is 1133 a factor of 984634?
False
Is 120840 a multiple of 570?
True
Is 87870 a multiple of 21?
False
Is 113400 a multiple of 52?
False
Is 24 a factor of 808392?
True
Is 14 a factor of 4559660?
True
Is 328 a factor of 1083078?
False
Does 253 divide 1823507?
False
Does 63 divide 126420?
False
Is 1077240 a multiple of 269?
False
Is 102 a factor of 217872?
True
Is 271036 a multiple of 125?
False
Does 609 divide 16892414?
False
Is 45 a factor of 165375?
True
Does 462 divide 4307226?
True
Is 11 a factor of 977328?
True
Is 57 a factor of 1290549?
False
Is 182025 a multiple of 15?
True
Is 178817 a multiple of 32?
False
Does 196 divide 1097992?
True
Does 81 divide 78732?
True
Is 324472 a multiple of 8?
True
Does 140 divide 751801?
False
Does 2 divide 39473?
False
Does 431 divide 5013885?
False
Is 99504 a multiple of 9?
True
Is 323608 a multiple of 46?
False
Is 61740 a multiple of 49?
True
Does 145 divide 497796?
False
Is 23 a factor of 54694?
True
Does 28 divide 84812?
True
Does 262 divide 3568454?
False
Is 341 a factor of 175956?
True
Does 12 divide 122544?
True
Does 15 divide 71908?
False
Is 72 a factor of 1001919?
False
Does 18 divide 66051?
False
Is 115536 a multiple of 48?
True
Does 15 divide 2082855?
True
Does 806 divide 2840344?
True
Does 470 divide 259910?
True
Is 223139 a multiple of 82?
False
Is 32953 a multiple of 10?
False
Is 2 a factor of 1062916?
True
Is 440392 a multiple of 8?
True
Does 28 divide 65254?
False
Is 1190350 a multiple of 669?
False
Does 9 divide 18751517?
False
Is 21792 a multiple of 2?
True
Does 46 divide 5819384?
False
Is 175538 a multiple of 101?
True
Does 169 divide 114075?
True
Does 3 divide 3027112?
False
Is 6221210 a multiple of 15?
False
Is 691530 a multiple of 30?
True
Is 2531249 a multiple of 46?
False
Is 5 a factor of 9970?
True
Does 27 divide 612657?
True
Is 6 a factor of 349218?
True
Is 548837 a multiple of 267?
False
Is 90532 a multiple of 34?
False
Does 41 divide 282860?
False
Is 204331 a multiple of 136?
False
Does 18 divide 29394?
True
Does 166 divide 619295?
False
Is 4499614 a multiple of 331?
True
Is 52923 a multiple of 20?
False
Is 99 a factor of 34353?
True
Does 33 divide 325049?
False
Does 3 divide 31726?
False
Does 17 divide 5321969?
True
Does 128 divide 2698121?
False
Does 280 divide 494476?
False
Is 15575500 a multiple of 100?
True
Does 5 divide 3517178?
False
Does 12 divide 113214?
False
Does 56 divide 1188320?
True
Does 707 divide 605192?
True
Is 329475 a multiple of 575?
True
Is 142 a factor of 617454?
False
Is 62 a factor of 119846?
True
Does 104 divide 2600912?
False
Is 312004 a multiple of 14?
True
Is 15438 a multiple of 4?
False
Does 13 divide 882024?
True
Is 15213 a multiple of 11?
True
Is 4863849 a multiple of 12?
False
Is 582998 a multiple of 442?
True
Does 215 divide 1355360?
True
Is 13 a factor of 350564?
False
Is 17 a factor of 1715725?
True
Does 14 divide 3368834?
True
Is 38 a factor of 43357?
False
Does 7 divide 2046287?
False
Is 1500795 a multiple of 825?
False
Is 151 a factor of 91808?
True
Is 192692 a multiple of 14?
False
Is 266277 a multiple of 33?
True
Is 310 a factor of 303180?
True
Is 372816 a multiple of 108?
True
Is 776360 a multiple of 260?
True
Is 327106 a multiple of 4?
False
Does 103 divide 13385468?
True
Does 24 divide 276576?
True
Does 61 divide 74436?
False
Is 33 a factor of 69333?
True
Does 33 divide 20449638?
True
Is 44 a factor of 1109144?
False
Does 93 divide 122235?
False
Is 9 a factor of 62343?
True
Is 107088 a multiple of 10?
False
Is 16030 a multiple of 8?
False
Is 2216 a multiple of 2?
True
Is 880575 a multiple of 59?
True
Is 6725656 a multiple of 664?
True
Does 105 divide 12083925?
True
Does 77 divide 1293125?
False
Is 203170 a multiple of 22?
True
Does 119 divide 71557?
False
Does 365 divide 3096465?
False
Is 5743 a multiple of 35?
False
Is 13 a factor of 344772?
False
Is 108661 a multiple of 6?
False
Does 4 divide 568620?
True
Is 22 a factor of 2994288?
True
Is 121 a factor of 10671958?
True
Does 14 divide 30311?
False
Is 194078 a multiple of 236?
False
Does 19 divide 418266?
True
Is 9 a factor of 13203?
True
Is 10107335 a multiple of 133?
True
Is 55008 a multiple of 4?
True
Is 246653 a multiple of 17?
True
Is 9 a factor of 588716?
False
Is 4 a factor of 14935?
False
Is 271 a factor of 6254282?
False
Is 3071 a multiple of 83?
True
Is 19 a factor of 3304176?
True
Is 83 a factor of 569187?
False
Is 3609936 a multiple of 48?
True
Is 50 a factor of 1086704?
False
Is 114365 a multiple of 23?
False
Does 43 divide 1610221?
True
Is 214597 even?
False
Is 95815 a multiple of 337?
False
Is 115 a factor of 19337250?
True
Is 96 a factor of 52651?
False
Does 35 divide 594292?
False
Does 19 divide 323304?
True
Does 46 divide 2887446?
False
Is 942704 a multiple of 443?
True
Does 1129 divide 6287401?
True
Is 312 a factor of 441168?
True
Is 159 a factor of 1810561?
False
Does 69 divide 1861758?
True
Does 114 divide 222666?
False
Does 336 divide 1731535?
False
Is 737 a factor of 911208?
False
Does 274 divide 4036294?
True
Is 844 a factor of 11249894?
False
Is 291585 a multiple of 111?
False
Is 6 a factor of 823768?
False
Does 236 divide 1342984?
False
Is 400510 a multiple of 10?
True
Does 52 divide 2763423?
False
Is 475 a factor of 6453350?
True
Is 463359 a multiple of 109?
True
Does 42 divide 1254036?
True
Does 428 divide 666948?
False
Is 54 a factor of 2619540?
True
Is 1237945 a multiple of 5?
True
Does 68 divide 748680?
True
Is 148176 a multiple of 49?
True
Is 962193 a multiple of 349?
True
Is 251 a factor of 598384?
True
Does 88 divide 13516536?
True
Is 328 a factor of 1000072?
True
Is 70 a factor of 7392662?
False
Is 3 a factor of 6395?
False
Is 167 a factor of 113551?
False
Is 42 a factor of 76692?
True
Does 54 divide 10539201?
False
Is 27686 a multiple of 254?
True
Does 841 divide 3705335?
False
Is 2897893 a multiple of 1497?
False
Is 105 a factor of 261555?
True
Is 14 a factor of 4862354?
True
Does 9 divide 501093?
True
Is 143 a factor of 41313880?
False
Does 44 divide 5993853?
False
Is 628530 a multiple of 730?
True
Is 436666 a multiple of 62?
True
Is 450 a factor of 2648700?
True
Is 52 a factor of 62036?
True
Is 1239443 a multiple of 7?
False
Does 16 divide 468176?
True
Is 14 a factor of 635429?
False
Is 323 a factor of 800071?
True
Does 25 divide 938400?
True
Is 1650880 a multiple of 335?
True
Is 2191938 a multiple of 530?
False
Is 225294 a multiple of 49?
False
Does 225 divide 462616?
False
Is 42 a factor of 459825?
False
Is 2940315 a multiple of 753?
False
Is 5517865 a multiple of 398?
False
Does 5 divide 180108?
False
Is 2934 even?
True
Is 3069904 a multiple of 8?
True
Is 1783 a factor of 818397?
True
Is 30 a factor of 1335033?
False
Does 21 divide 209853?
True
Is 172 a factor of 9196851?
False
Is 52569 a multiple of 27?
True
Is 23410 a multiple of 10?
True
Is 52 a factor of 3838016?
True
Does 3 divide 2538237?
True
Does 4 divide 341104?
True
Does 24 divide 825792?
True
Does 57 divide 835449?
True
Is 17 a factor of 18173?
True
Is 3 a factor of 25995?
True
Is 4893842 a multiple of 37?
True
Is 26542656 a multiple of 72?
True
Is 7256048 a multiple of 2532?
False
Does 67 divide 3208497?
False
Is 162144 a multiple of 48?
True
Does 32 divide 33088?
True
Is 26 a factor of 127419?
False
Is 35 a factor of 3325805?
True
Is 93 a factor of 188252?
False
Is 80093 a multiple of 137?
False
Does 4 divide 1308344?
True
